 is the value of (7 + 33 - 31) + (-1 - -1)?
9
26 - (17 - (20 + -16))
13
Evaluate 7 - ((-20 - -33) + -4 + 3).
-5
What is 16 - 4 - ((-3 - -15) + 9) - 30?
-39
Calculate 1 + -2 + (1 - -11).
11
What is -4 + 3 - (-6 + 0 + -10) - 6?
9
Evaluate (-5 - (10 - (8 - 1))) + 24.
16
Evaluate (-105 - -69 - -56) + (2 - (-2 + 1)).
23
Evaluate (-42 - -21) + 10 - -6.
-5
34 + (16 + -57 - -37)
30
-3 - (8 - 13) - 23 - -9
-12
Calculate (-8 - -3) + 3 - -3 - (1 + -4).
4
Evaluate -8 - (-12 - -11) - (5 + 3 + -1).
-14
What is -3 + -18 + -1 + 36 + 14?
28
What is the value of -12 + (-3 - -8 - (5 - 12))?
0
What is (-101 - -87 - (-2 + -7)) + 10?
5
Evaluate 4 + 10 + -8 + -7 + -11.
-12
What is the value of -31 - (9 + -24 + -11)?
-5
Evaluate 7 - 21 - -6 - (-18 + 8).
2
What is (-4 - (7 + -13)) + -4 + (-1 - 0)?
-3
5 - (-1 + -3 + (-4 - 2))
15
Calculate 18 + -7 + 2 + -6.
7
Calculate 6 + -12 - (0 + -13).
7
(4 - 6 - (-20 - -5)) + -38
-25
What is the value of 10 - (18 - 16) - (-4 - -13)?
-1
What is the value of 1 - 7 - (-16 - -8) - (49 - 16)?
-31
-10 - -15 - (1 + 1) - 13
-10
Evaluate 40 + -2 + -18 + -20 + 35.
35
What is the value of 8 + (-4 - -23 - 4) + 0 + -8?
15
-3 + 0 + 3 + -2 + 4
2
What is (-15 - -33) + -11 - (-2 + 4)?
5
What is the value of 0 - (-20 + 7) - ((-3 - -2) + 5)?
9
What is 5 - (2 + -21 + 46 + 0)?
-22
Calculate -16 + 12 + 6 + -15.
-13
Calculate (-12 - (-26 + 10)) + (-5 - -18).
17
Evaluate (-16 - (-17 - -4 - -14)) + 1.
-16
What is 3 + 23 + -10 + -16?
0
Evaluate -22 + -17 + -36 + 45.
-30
Evaluate 4 - (11 + -7 - -4).
-4
What is -8 + 16 + -8 - (-7 + 16)?
-9
Evaluate 10 - ((16 + -13 - 8) + (-3 - -2)).
16
Calculate -4 + (22 - -2) + -17.
3
What is (22 - 29 - 17) + 17?
-7
What is the value of 19 + (-6 - (-7 + -1)) + -9?
12
Calculate -6 - ((-1 - -1) + 4 - (74 + -66)).
-2
Calculate -19 - -45 - 0 - -5.
31
2 + -1 + (-22 + 14 - (5 - -2))
-14
What is the value of -46 + (-2 - -35 - 6)?
-19
What is the value of -13 + (-2 - -14) - 5?
-6
What is the value of 26 + 27 + -53 + 31?
31
Evaluate -9 + 41 + 20 + -34.
18
Calculate -44 + 49 + 8 - (7 - 0).
6
Calculate 3 + -10 + 1 + 1 - (30 + -37).
2
What is the value of (2 - 14) + -16 + 34 + -8 + -13?
-15
What is -4 + 13 + 1 - (4 + 0)?
6
Calculate 5 + -10 + (3 - -2) + 5.
5
What is the value of 4 + 43 + -51 + -26?
-30
What is -10 + 10 + -11 - 2 - -11 - -11?
9
Calculate 141 + -165 + (-3 - (3 + -17 - -3)).
-16
Calculate 5 + (4 - (-5 + 4)) + -5 + -15.
-10
Evaluate -1 - -1 - (-46 - -53).
-7
What is (8 - 14) + -1 - -7?
0
Calculate -7 + -33 + (11 - -9).
-20
Calculate 59 - 70 - (-9 + 1).
-3
What is the value of 7 - (-10 + (18 - -3)) - 13?
-17
What is 14 + -26 + 18 + -29?
-23
3 + (-7 - -7) + -5 + 11
9
Calculate 16 + (-6 - (2 + 7)).
1
-11 - (-17 + (21 - -3))
-18
Evaluate 26 + 1 + 22 + -54.
-5
What is the value of 2 + 18 + (7 - 12) + -10?
5
Evaluate -15 - -16 - 7 - 1.
-7
What is the value of 15 + -11 + -1 + (-1 - (0 - 0))?
2
What is the value of -2 - (12 - (-4 + 7 + 13))?
2
-6 + -2 + 14 + -35 + 17
-12
Calculate 10 + -7 + 3 + -2 - 2.
2
Calculate 4 + -5 - (6 - 17 - 14).
24
What is (-36 - (-4 - 4)) + 6?
-22
What is -182 + 190 - (1 + -1)?
8
(63 - 19) + -8 + (-13 - -13)
36
What is -21 + -1 - (-31 + -4 + 23)?
-10
What is the value of -35 + (-27 - -14 - -33)?
-15
What is -25 + -1 - (-10 + 11 + -9)?
-18
What is the value of -61 + (179 - 107) + (0 - -1) + 20?
32
-7 + (7 - ((-1 - 4) + 5)) - -27
27
Calculate 13 + (-11 - -5) - (-4 + (-5 - -20)).
-4
What is -2 + 1 + 7 + -6?
0
What is the value of 13 + -10 + 9 - (4 - -7)?
1
What is -1 + 20 + 18 + -18?
19
Calculate 634 + -627 + (-11 + 0 - -2).
-2
What is the value of 10 + (9 + -19 - -16) + -1 + -14?
1
Calculate 15 + -10 + -5 - (-8 - -1).
7
What is (-6 + 3 - -1) + 7 + (-2 - 0)?
3
Calculate 12 - 20 - -12 - (-15 + 3).
16
Calculate 2 + (10 + -14 - 7) + 5 + 25.
21
Calculate (-38 - -45) + 20 + -1.
26
Calculate -9 + -2 - (-12 + 6) - -26.
21
What is the value of -1 - -1 - (204 - 210)?
6
Calculate 10 + -24 + 10 + 13 + -3 + 18.
24
26 - 1 - (-41 + 91 + -44)
19
What is 2 + 1 + -3 + (10 - 11) + 1?
0
-22 + -8 + (33 - -8)
11
Evaluate -6 + ((-1 - -5) + (0 - 8) - 3).
-13
What is 24 + -3 + (-4 - 7) + 2?
12
Calculate -17 + -2 + 33 + (0 - 53).
-39
Evaluate -7 - -10 - -2 - (21 - 3).
-13
Calculate 56 - 44 - ((-2 - (-8 - -6)) + -29).
41
-6 + 2 - (-6 - (-9 - -2))
-5
Calculate -3 - (30 - 22 - 0).
-11
-105 - -125 - (2 - -16)
2
Evaluate 314 + -358 + 38 + 4.
-2
Calculate 15 + -10 - 1 - 9 - -3.
-2
Calculate 6 + (5 - 7) + 6 - -7.
17
What is the value of -31 - (-18 - 1) - -18?
6
Calculate -6 + 19 + (18 - (1 - -13)).
17
Calculate 5 - -2 - (-30 - -33).
4
What is the value of 146 - 154 - (0 + -1)?
-7
Evaluate -22 - (8 + (-13 - (5 + (-6 - -2)))).
-16
What is the value of (-55 - -64) + (-8 - (-1 + -1))?
3
29 + -3 + 2 - (219 + -209)
18
Evaluate -1 - (0 + 0 + (-9 + -8 - -3)).
13
Evaluate (-7 - (7 - 22)) + 11.
19
What is (-10 - -1) + -323 + 340?
8
What is the value of (18 - ((20 - 6) + -6) - 8) + 1?
3
Evaluate -5 + 7 + -2 + 10.
10
What is 15 + 1 - (-38 + 57)?
-3
Evaluate 12 - (-20 + 22 - -12).
-2
-8 + 0 - ((-18 - 21) + 25)
6
Calculate -2 + (4 - -1) + (-1 - (15 - 22)).
9
(3 + -11 + 7 - 1) + -9
-11
What is 4 - (0 - 4) - 7 - -7?
8
What is the value of 16 + 0 + (-53 - -42)?
5
6 - (37 - (50 - 34))
-15
What is 1614 + -1653 - (-27 + 1)?
-13
What is the value of (-1 - -23) + (-225 - -210) + -19 + 3?
-9
What is the value of -1 + (7 + -14 - 2) + 3?
-7
Evaluate -1 + -8 - (19 - 31).
3
Calculate (-15 + -3 - -24) + -19.
-13
What is (-94 - -119) + -13 + -1?
11
15 + (-20 - (-34 + 20)) - (-1 + -6)
16
-13 - (-4 + (-8 - -14)) - -37
22
What is the value of 6 + -13 + (-14 - -28)?
7
What is the value of -5 - 12 - (-20 - 5)?
8
(-6 - (3 + -3 - 4)) + -4 - -8
2
What is the value of 7 - -5 - 15 - (-1 + 2 - 7)?
3
What is the value of 28 + 44 + -33 + -30?
9
Calculate 17 + (-5 - (19 + 2)).
-9
Calculate (-13 - (5 + -13 + -5)) + -7.
-7
-35 - (29 - 12) - -23
-29
What is (7 - 0) + 8 + -35 + 2?
-18
Evaluate -2 + (-3 - -3) + (2 - 4 - 2).
-6
Evaluate 5 + (7 - 3) + (15 - (22 - 5)).
7
What is 18 - -2 - (456 - 435)?
-1
Evaluate (47 - 32) + -1 + -33 - -5.
-14
What is the value of -8 - 0 - (-149 + 148)?
-7
Calculate -4 + 11 - -4 - 4 - 4 - -5.
8
Evaluate -34 - 0 - (552 - 581).
-5
Calculate 52 + -21 - 19 - -11.
23
Calculate 135 + -120 + (3 - (0 - (-2 + 4))).
20
Calculate (1 - ((-1 - 10) + 9 + 15)) + 31.
19
Calculate 6 + 6 + -13 + -9 + (4 - 8).
-14
Evaluate (-25 - -11) + 23 + -2.
7
What is -1 + (-4 - -6) + -5 + 1 + 2?
-1
Calculate -10 - 2 - 2 - -16.
2
Calculate -5 + -12 + 3 + -1 + (-122 - -169).
32
(159 - 168) + (-11 - 3 - (-3 + 0))
-20
What is the value of 3 + (2 + 2 - (-191 + 195))?
3
Evaluate (1 - -13) + (-60 - -54) - 7.
1
Evaluate 16 + -13 + (0 - ((4 - 11) + 1)).
9
Calculate (-8 - 16) + (41 - 40).
-23
What is 0 + -1 + 9 - (23 - 23)?
8
1 - (-9 - (-3 - 3))
4
(-6 - -1) + (-7 - -7 - -4) + 3
2
Evaluate (1 - -3) + (26 - 47).
-17
Evaluate 19 + 13 - 22 - 26.
-16
What is 4 - (-4 + 9) - (-16 + 11)?
4
What is 13 + 3 - 20 - (0 + -2 - -2)?
-4
Calculate 7 - (-3 - -10 - (9 + 1)).
10
-33 + 13 + (2 - -3 - -1)
-14
What is 5 + 7 + -1 - (-3 - -12)?
2
What is 3 + 0 - (469 - 458)?
-8
Evaluate 15 - (15 + (-12 - 2)).
14
0 + -902 + 895 + (2 - 1 - 3)
-9
Calculate -18 + (-1 - 11 - (-25 + 14)).
-19
What is the value of (1 - 1) + -1 - (-6 - -11) - -12?
6
What is -16 - ((-25 - -11) + 9)?
-11
5 + -7 + (6 - (-5 + 7))
2
What is the value of -7 + (5 - ((14 - 7) + -6 + 22))?
-25
Calculate -7 - ((-17 - -12) + 5 - -13).
-20
What is the value of 0 - (5 + 1) - -16?
10
(-5 - 1) + (98 - (133 - 53))
12
(-7 - -3) + (-8 + 2 - 5)
-15
Evaluate -1 - -6 - (5 + -4 - -3).
1
What is (3 - 2) + -8 - (-21 - (17 - 17))?
14
What is -2 + -22 - ((-7 - (0 - 11)) + -11)?
-17
What is the value of -8 + 23 - (-5 - -6)?
14
Evaluate (19 - 1 - 1) + (-10 - -1) + 4.
12
Evaluate 4 + -31 + (10 - 15) + (-2 - -12).
-22
What is 7 - -12 - 12 - 9?
-2
What is the value of -9 + 24 - 43 - 9 - -19?
-18
1 + -6 - ((21 - -55) + -91)
10
What is 6 + 2 + (33 + -21 - 41)?
-21
Calculate 2 - -19 - (390 + -371).
2
What is the value of 17 + -8 - (25 + -5)?
-11
What is 5 - (-6 + 2 + 12 + -3 + -10)?
10
Calculate ((9 - 9) + -4 - (2 + -7)) + -8.
-7
What is the value of -4 + (5 - 0 - (-8 - -10) - -4)?
3
What is the value of 0 + -6 - (-10 - -32 - 12 - 21)?
5
What is (-14 - (-14 - -3)) + 1 + 1?
